**2 + 9*d - 24. Let y be g(5). Suppose -6 = -3*x, -y = -3*l + 2*l + 3*x. What is the greatest common factor of l and 7?
7
Let g(o) = 35*o**2 + 12*o - 56. Let c be g(8). Calculate the greatest common factor of c and 95.
95
Let j(c) = c**3 - 18*c**2 + 31. Let o be j(18). Suppose -3*h = -4*r - 38, 2*h + 2*r + r - o = 0. What is the greatest common factor of h and 14?
14
Suppose 4020 = 7*k - 7698. Calculate the greatest common factor of 62 and k.
62
Let p(v) = v**2 + 3*v - 10. Let b be p(-7). Let y be 6/b*(-4 - -1). Let k be -9 + 6 + (14 - y). What is the greatest common factor of 96 and k?
12
Suppose -112 - 24 = -4*j. Let g = 125 + 249. What is the greatest common divisor of g and j?
34
Let t(k) = k**3 + 7*k**2 + 8*k + 3. Let o be t(-4). Suppose a = 5*j + 57, -5*a - 5*j + j + 285 = 0. Calculate the highest common divisor of a and o.
19
Let u be ((-2)/4)/((-327)/108 - -3). What is the highest common factor of 18 and u?
18
Let d be 2/3 + 42/(-9). Let y be (2 + d + 38)*4. Let z = 27 - 11. Calculate the highest common divisor of y and z.
16
Let k = 58 + -87. Let c = 40 + k. Calculate the greatest common divisor of c and 121.
11
Let y(j) = j**3 - 8*j**2 + 8*j + 34. Let x be y(6). What is the highest common divisor of x and 3?
1
Let w(i) = 2*i**3 + 8*i - 2. Let h be w(3). Let x = 80 - h. Calculate the greatest common factor of 16 and x.
4
Let c be 2/(-8)*-2*2. Let i be (10*-5)/(1/((-2)/4)). Suppose 85*a - 80*a - i = 0. Calculate the greatest common divisor of c and a.
1
Suppose -4*n = -d - 0*n + 50, 3*d + 3*n = 120. Let a = 48 - d. Calculate the highest common factor of a and 3.
3
Suppose -3*c + 25 = -8. Let h(l) = 8*l + 5. Let a be h(4). Suppose a = z - 5*q, -4*q - 36 - 86 = -5*z. What is the highest common divisor of z and c?
11
Let s(a) = a**2 + 3*a + 3. Suppose 4*l + 6 = -6. Let w be s(l). Suppose x = 5*x + 3*p - 51, -x = w*p - 15. Calculate the greatest common divisor of 24 and x.
12
Let y be 2*1/((-2)/(-5)). Suppose 509 + 591 = y*b. Suppose 25*o = 353 + 147. What is the greatest common divisor of b and o?
20
Let b(r) = -19*r - 81. Let l be b(-18). Calculate the highest common factor of 58 and l.
29
Let j(k) = -29*k - 197. Let c be j(-9). Calculate the highest common factor of c and 40.
8
Suppose t = 4*s - 22, -15*s + 20 = -13*s - 5*t. Calculate the highest common divisor of s and 7.
1
Suppose d + 73 = 2*h - 4*d, -5*d = 25. Let c = 39 + -27. Calculate the highest common divisor of c and h.
12
Suppose 0 = -9*i + 647 - 620. Calculate the highest common divisor of 29 and i.
1
Suppose 0 = -5*x + 9*x - 32. Let n be x/16*(1 + 13). Let j = -86 + 128. Calculate the highest common factor of n and j.
7
Let j be 5 - ((-225)/10)/(7/14). Calculate the greatest common factor of 150 and j.
50
Suppose 2*t = 4*d + 62, t - 4*d = -6 + 45. Let p(w) = -7*w + 2. Let k be p(-3). Calculate the greatest common factor of t and k.
23
Suppose m = -4*m + 55. Let q = -2 + m. Let d be (3 - (-3)/(-1)) + 1. What is the greatest common factor of q and d?
1
Let w be (3 - 1)*(-13 - -24). Let x = 29 - w. Calculate the greatest common divisor of x and 63.
7
Let s be (-3 + -1)*21/(-14) + -2. Suppose -v + s - 1 = 0. Let p = 54 - 21. What is the highest common divisor of p and v?
3
Suppose 8*u - 6 = 6*u, -4*u - 9388 = -4*f. What is the highest common factor of f and 50?
50
Let p(c) = 10*c - 1. Let h be p(1). Suppose 5*a - 4*l = -l + 267, 4*l - 166 = -3*a. What is the greatest common factor of a and h?
9
Let v(w) = -w**3 - 4*w**2 - 4*w. Let m be v(-4). Let g be 4/6 + (-3)/(-9). Let b be (g - 9)*(-3 - -1). Calculate the greatest common divisor of b and m.
16
Let r(w) = -7*w + 0*w**2 + 2*w**2 + 2 + 7*w. Let f be r(5). Suppose 4*c = 2*c + f. What is the highest common divisor of 104 and c?
26
Let a(g) = 17*g - 42. Let i be a(6). Let u = i - -17. What is the greatest common factor of u and 11?
11
Let g(z) = z. Let j(k) = 2*k - 6. Let o(v) = -6*g(v) + j(v). Let m be o(-3). What is the highest common factor of m and 24?
6
Suppose 2*u - 86 = -2. Let g be (u/(-3) - -2) + 2. Let y = 32 + g. What is the greatest common factor of y and 22?
22
Suppose 2*o - 13 = 3*v - 3, 5*o + 5*v = 0. Let z(i) = -5*i - 56. Let p be z(-12). Calculate the highest common factor of o and p.
2
Let o be (-20565)/(-75) - 12/(-15). What is the greatest common divisor of o and 50?
25
Let k(p) = -1244*p**3 - 6*p**2 - 6*p - 1. Let w be k(-1). What is the highest common factor of 11 and w?
11
Let p be 3/(-30)*-444*5. What is the highest common divisor of p and 296?
74
Let t(z) = 2*z**2 - 9*z - 23. Let i be t(-5). Calculate the highest common factor of 16 and i.
8
Let s(b) be the first derivative of -15*b**2/2 - 4*b - 1. Let y be s(4). Let r = y - -200. Calculate the highest common divisor of r and 17.
17
Let p = 5931 + -3810. Calculate the greatest common divisor of p and 7.
7
Let c be (12/9)/(4/78). Let d = c - 22. Calculate the greatest common factor of 10 and d.
2
Let p(l) = 2*l**2 - 4*l - 5. Suppose -4*i - 12 + 32 = 0. Let g be p(i). What is the highest common factor of 10 and g?
5
Suppose 4*i = 5*k - k - 96, 3*k + 2*i - 87 = 0. Let x be (k/21 - 12/42)*9. Suppose -3*w - 2*w = -405. Calculate the highest common factor of w and x.
9
Suppose -5*c + 34 = -4*b, 2*c + b - 34 = -c. Let p be 91/(-13)*c/(-7). Let i = -63 + 103. Calculate the highest common divisor of p and i.
10
Suppose -5*n + 2276 - 377 = 4*t, -2*t - 3*n = -949. Calculate the greatest common divisor of 408 and t.
68
Let t(a) = 40*a. Let d be t(1). Let o be 480/(-18)*(-150)/40. What is the highest common factor of d and o?
20
Suppose -826 = 3*s - 7*s - 2*i, 220 = s - 4*i. What is the highest common divisor of s and 16?
16
Suppose 7*u = 3*u - 36. Let d = 11 + u. Suppose -d*f + 33 + 15 = 0. Calculate the greatest common divisor of f and 60.
12
Let q be (567/(-45) + 3)*-5. Calculate the highest common divisor of 1296 and q.
48
Suppose 5*s + 3 - 13 = 0. Suppose 0*t - 2*t = 4*y, -5*y - 12 = t. Suppose t = l + 7. What is the highest common factor of l and s?
1
Let o(m) = -4*m**3 + m**2 + 3*m + 2. Let f be o(-3). What is the greatest common divisor of 5 and f?
5
Let u(t) = -4*t + 1. Let c be u(-1). Suppose c*g = -0*g. Let m be (63 - -1) + 2 + g. Calculate the greatest common factor of 6 and m.
6
Let k = 50 + -77. Let c = 55 + k. Let n = -62 - -90. What is the highest common divisor of n and c?
28
Suppose -24*n - 16 = -40*n. What is the greatest common divisor of n and 1?
1
Suppose 0 = 4*r - 5*a - 465, -495 = -56*r + 52*r - 5*a. Calculate the highest common factor of 192 and r.
24
Let b(w) be the first derivative of -3*w**2 + 6 + 18*w + 1/3*w**3. Let j be b(8). Calculate the highest common factor of 238 and j.
34
Let o = -1 + 6. Let g(r) = r**2 + 5*r - 9. Let z be g(-7). Suppose -o*f + 5 = 0, -2*m - m = z*f - 53. What is the highest common factor of 8 and m?
8
Let x be ((-4)/10 + 1)*20. Let q = x - 23. Let y(j) = -2*j - 15. Let d be y(q). Calculate the greatest common factor of d and 49.
7
Let g(a) = 4*a - 23. Let y(j) = -j. Let w(r) = -g(r) + 2*y(r). Let i be w(-12). Let h = -45 + i. Calculate the highest common factor of 125 and h.
25
Let j = 55 - 25. Suppose 3*y = -5*m + 44, j = 2*y + 5*m - 2*m. Calculate the highest common factor of y and 45.
9
Let r(b) = -b**2 - 20*b - 61. Let s be r(-14). What is the greatest common divisor of s and 23?
23
Suppose 0 = 2*o + 8, 23*o - 83 = -b + 20*o. Calculate the greatest common divisor of b and 779.
19
Suppose 3*x = -5*j + 8 + 18, j + 3*x - 10 = 0. Let c(t) = t**3 + t**2 - t - 1. Let a be c(3). Calculate the greatest common divisor of a and j.
4
Let r(b) be the second derivative of -15/2*b**2 - 1/20*b**5 + 0 + 11/6*b**3 - b - b**4. Let m be r(-13). Calculate the greatest common divisor of m and 88.
11
Let c = -159 + 351. Calculate the greatest common factor of c and 24.
24
Let l(v) = 96*v**3 - 2*v**2 - v. Let s be l(-1). Let q = s + 153. Calculate the highest common factor of q and 8.
8
Let o(f) = f**2 - 52*f + 13. Let c be o(52). What is the greatest common divisor of c and 325?
13
Let v = 280 + -277. Let f(a) = -a**2 - 2*a - 2. Let b be f(-2). Let k be (-8)/((b + v)/(-8)). What is the highest common divisor of k and 8?
8
Suppose 3*l = 5*c - 101, 5*l - 38 = -3*c + 9. Let v = 87 - -46. What is the greatest common factor of c and